85520?
True
Does 483 divide 713782?
False
Is 6096634 a multiple of 46?
False
Is 1296 a factor of 6398352?
True
Is 11824 a multiple of 35?
False
Is 8 a factor of 30828?
False
Is 57 a factor of 17214?
True
Is 284 a factor of 91814?
False
Is 1024480 a multiple of 14?
False
Does 15 divide 1982280?
True
Is 1106205 a multiple of 139?
False
Is 239964 a multiple of 140?
False
Is 20972185 a multiple of 13?
True
Is 5722703 a multiple of 9?
False
Is 42 a factor of 173880?
True
Is 212 a factor of 8673768?
True
Does 476 divide 13544977?
False
Is 24 a factor of 76632?
True
Is 293766 a multiple of 604?
False
Is 8 a factor of 109368?
True
Does 25 divide 186176?
False
Does 66 divide 111870?
True
Is 423 a factor of 1262232?
True
Is 798 a factor of 4175808?
False
Does 12 divide 94488?
True
Is 36 a factor of 40629?
False
Is 137140 a multiple of 21?
False
Does 8 divide 8119216?
True
Does 748 divide 16935468?
True
Is 8 a factor of 4468?
False
Is 466188 a multiple of 4?
True
Is 16 a factor of 594565?
False
Is 28 a factor of 2323720?
True
Is 195 a factor of 687180?
True
Is 181 a factor of 507241?
False
Is 88 a factor of 1380981?
False
Is 182 a factor of 826928?
False
Does 172 divide 144136?
True
Is 532 a factor of 723520?
True
Is 360252 a multiple of 8?
False
Is 65 a factor of 49963?
False
Is 10 a factor of 1371844?
False
Is 20 a factor of 878300?
True
Is 780472 a multiple of 71?
False
Is 5 a factor of 35090?
True
Does 2 divide 86779?
False
Is 2678364 a multiple of 236?
True
Is 396212 a multiple of 30?
False
Does 21 divide 102936?
False
Is 60804 a multiple of 27?
True
Is 268710 a multiple of 11?
False
Does 50 divide 677300?
True
Does 111 divide 262626?
True
Does 24 divide 10874053?
False
Does 13 divide 296007?
False
Is 131 a factor of 1291267?
True
Is 78 a factor of 1080378?
True
Does 14 divide 66471?
False
Does 624 divide 8743518?
False
Does 114 divide 207951?
False
Is 174 a factor of 89784?
True
Does 39 divide 4917?
False
Is 5132106 a multiple of 27?
True
Is 54950 a multiple of 2?
True
Does 17 divide 409377?
True
Is 240605 a multiple of 5?
True
Is 16227 a multiple of 88?
False
Is 143584 a multiple of 32?
True
Is 3740 a multiple of 6?
False
Is 7 a factor of 159104?
False
Is 270 a factor of 10323990?
True
Is 1108 a factor of 11181936?
True
Is 4 a factor of 1535256?
True
Is 168237 a multiple of 4?
False
Is 30 a factor of 31830?
True
Does 3 divide 249863?
False
Is 36540 a multiple of 290?
True
Does 5 divide 580255?
True
Is 36098300 a multiple of 371?
True
Does 44 divide 333520?
True
Is 3018089 a multiple of 7?
False
Does 52 divide 4141696?
True
Is 525942 a multiple of 61?
True
Does 7 divide 136573?
False
Does 919 divide 3337605?
False
Does 470 divide 3808041?
False
Is 24 a factor of 16800?
True
Does 77 divide 1639099?
True
Is 354 a factor of 3324060?
True
Is 2034853 a multiple of 19?
False
Does 93 divide 230793?
False
Is 50112 a multiple of 144?
True
Is 3046 a factor of 5787400?
True
Is 261280 a multiple of 450?
False
Does 88 divide 1134056?
True
Is 10709990 a multiple of 58?
True
Is 7 a factor of 462413?
True
Does 67 divide 11189?
True
Does 33 divide 95370?
True
Is 689127 a multiple of 29?
True
Does 9 divide 10326168?
True
Is 52706 a multiple of 41?
False
Is 1165 a factor of 15890600?
True
Is 14765359 a multiple of 28?
False
Is 482 a factor of 105487?
False
Does 2774 divide 133152?
True
Is 248 a factor of 124544?
False
Is 13 a factor of 121394?
True
Is 32 a factor of 143608?
False
Is 184 a factor of 4719232?
True
Does 194 divide 128340?
False
Is 329020 a multiple of 20?
True
Does 142 divide 114310?
True
Is 138 a factor of 1104816?
False
Is 7 a factor of 1407756?
True
Does 43 divide 11431949?
False
Does 95 divide 1765708?
False
Is 194 a factor of 182166?
True
Is 10 a factor of 246482?
False
Is 10982845 a multiple of 511?
False
Does 536 divide 540696?
False
Is 19 a factor of 483398?
True
Is 61 a factor of 246646?
False
Is 78810 a multiple of 9?
False
Is 30 a factor of 1833193?
False
Is 2305297 a multiple of 9?
False
Is 19 a factor of 1780960?
False
Is 47 a factor of 245141?
False
Is 13 a factor of 233986?
False
Does 225 divide 276494?
False
Is 147342 a multiple of 34?
False
Is 3147343 a multiple of 39?
False
Is 48818 a multiple of 634?
True
Is 1126 a factor of 2408514?
True
Is 13 a factor of 139607?
True
Is 17 a factor of 287300?
True
Is 88102 a multiple of 13?
False
Does 462 divide 364335?
False
Does 66 divide 8885184?
True
Is 153 a multiple of 3?
True
Does 238 divide 35980?
False
Is 12 a factor of 291120?
True
Is 441 a factor of 2127825?
True
Is 70 a factor of 768002?
False
Is 12 a factor of 897061?
False
Does 18 divide 8450028?
True
Is 133795 a multiple of 37?
False
Is 15071 a multiple of 2?
False
Is 2 a factor of 89048?
True
Is 116 a factor of 4867012?
True
Is 29 a factor of 1196279?
True
Is 613796 a multiple of 11?
False
Does 27 divide 867649?
False
Is 14 a factor of 102200?
True
Is 63 a factor of 586656?
True
Does 211 divide 84400?
True
Is 856 a factor of 4557929?
False
Is 86 a factor of 206056?
True
Is 39472 a multiple of 16?
True
Is 8 a factor of 539344?
True
Is 6389685 a multiple of 18?
False
Is 507 a factor of 2558322?
True
Is 3 a factor of 46056?
True
Is 90 a factor of 299677?
False
Does 24 divide 249374?
False
Does 6 divide 8415?
False
Is 259 a factor of 258482?
True
Does 37 divide 775986?
False
Is 36563 even?
False
Does 248 divide 262384?
True
Is 14 a factor of 4325356?
True
Does 207 divide 58374?
True
Is 114 a factor of 9481162?
False
Is 2668 a factor of 22640648?
True
Is 10745140 a multiple of 115?
True
Is 505302 a multiple of 318?
True
Does 9 divide 449028?
True
Is 1461955 a multiple of 19?
True
Is 1169937 a multiple of 1027?
False
Is 65 a factor of 82550?
True
Does 271 divide 4966251?
False
Is 765336 a multiple of 572?
True
Does 3 divide 19915?
False
Is 30 a factor of 256560?
True
Does 6 divide 284862?
True
Is 30 a factor of 524610?
True
Does 12 divide 10620?
True
Is 3649 a multiple of 89?
True
Does 140 divide 33740?
True
Is 325069 a multiple of 84?
False
Does 39 divide 4686708?
True
Is 105 a factor of 3094770?
True
Is 21 a factor of 76895?
False
Does 28 divide 300880?
False
Does 20 divide 82720?
True
Is 3432627 a multiple of 99?
True
Does 11 divide 42295?
True
Is 11 a factor of 989791?
True
Is 162 a factor of 205083?
False
Is 13 a factor of 462730?
False
Does 54 divide 544158?
True
Does 37 divide 139480?
False
Is 10140053 a multiple of 35?
False
Is 33 a factor of 7193?
False
Is 218652 a multiple of 57?
True
Is 3288306 a multiple of 177?
True
Is 222 a factor of 598856?
False
Is 66278 a multiple of 31?
True
Is 4200 a multiple of 12?
True
Is 683465 a multiple of 2?
False
Is 152490 a multiple of 51?
True
Is 2214825 a multiple of 75?
True
Is 2168262 a multiple of 211?
False
Is 242 a factor of 1107392?
True
Is 22 a factor of 181104?
True
Does 158 divide 6327268?
True
Is 420 a factor of 9876650?
False
Is 10 a factor of 2087120?
True
Does 17 divide 25677021?
True
Does 27 divide 49337?
False
Is 3548019 a multiple of 29?
False
Does 13 divide 250793?
False
Is 111 a factor of 505001?
False
Is 1221857 a multiple of 366?
False
Is 71500 a multiple of 22?
True
Does 51 divide 191213?
False
Is 2631430 a multiple of 170?
True
Is 47 a factor of 86860?
False
Is 16146450 a multiple of 90?
True
Does 348 divide 2113944?
False
Is 3873522 a multiple of 25?
False
Does 64 divide 2049728?
True
Is 49 a factor of 1457770?
False
Is 9122795 a multiple of 594?
False
Does 7 divide 3293773?
True
Does 472 divide 197296?
True
Is 5841735 a multiple of 7?
False
Is 5 a factor of 3991705?
True
Is 7424 a multiple of 11?
False
Is 7 a factor of 455?
True
Is 1191 a factor of 1220775?
True
Is 4521761 a multiple of 279?
False
Is 48024 a multiple of 6?
True
Does 47 divide 16295?
False
Is 1175839 a multiple of 12?
False
Does 8 divide 16448?
True
Does 60 divide 1414380?
True
Does 27 divide 3903919?
False
Is 5077 a multiple of 5?
False
Is 8415 even?
False
Does 9 divide 92655?
True
Is 32 a factor of 1117012?
False
Is 60 a factor of 227355?
False
Is 52 a factor of 2086656?
True
Is 3699630 a multiple of 555?
True
Does 22 divide 14549216?
True
Does 15 divide 283601?
False
Is 11 a factor of 105248?
True
Is 249 a factor of 32121?
True
Is 72 a factor of 1102608?
True
Is 5149484 a multiple of 28?
False
Doe